 divisor of x and 414?
18
Let h be (-128 + 1 + -2)/(-1). Suppose -5*r + h = 9. Let v = 1085 + -1077. What is the greatest common factor of v and r?
8
Suppose -7*y + 168 = -0*y. What is the greatest common factor of y and 136?
8
Suppose -5*r + 4 = -21. Suppose -5*z - r*v = -15, 8*z = 4*z + 5*v - 15. Suppose 3*x - 180 = -z*x. Calculate the greatest common divisor of 15 and x.
15
Let t be ((-16)/6)/(2/(-21)). Let z = t - 17. Suppose 13*p - 11*p - 154 = 0. Calculate the greatest common factor of z and p.
11
Suppose -1918 + 510 = -2*h. What is the highest common divisor of h and 33?
11
Suppose 3*o - 2*o - 208 = -2*j, -2*o + 2*j + 440 = 0. What is the highest common factor of 24 and o?
24
Let u(k) = k**3 - 13*k**2 + 10*k - 13. Let r(w) = -7*w - 1. Let s be r(-2). Let a be u(s). Calculate the highest common factor of a and 39.
39
Let j = 10 + -6. Suppose 4*m = j*l + 3*m - 15, 0 = l + 4*m + 9. Suppose -4*s + l*s = -19. Calculate the greatest common divisor of s and 38.
19
Let c = 212 - 32. Suppose 5*h = 3*h + 2*b + c, 115 = h + 4*b. Calculate the greatest common factor of 19 and h.
19
Let g be 0/(1 - -3*6/(-9)). Let z(h) = 2*h**3 + h**2 - h + 23. Let l be z(g). What is the greatest common divisor of 69 and l?
23
Let k(m) be the third derivative of -m**4/2 - 17*m**3/3 + 17*m**2. Let q be k(-7). Calculate the greatest common factor of 30 and q.
10
Suppose 5*s = x + 618, -5*s - 13*x = -10*x - 626. Calculate the greatest common divisor of s and 1426.
62
Let f = -501 + 521. Let l(h) = 7*h**3 + h**2 + h - 1. Let m be l(1). What is the greatest common factor of f and m?
4
Let g = -1100 - -1109. What is the greatest common divisor of 72 and g?
9
Let h be (-512)/(-20) - (-3)/(-5). Let a = 80 + h. What is the highest common divisor of a and 30?
15
Let t be 760/14 + 20/(-70). Suppose 0 = 4*q + 2*d - t + 4, 3*q = 2*d + 34. Calculate the highest common divisor of 24 and q.
12
Suppose 0*r + 24 = r. Suppose o = r + 9. Calculate the highest common factor of 22 and o.
11
Let f be (-395)/(-3) - (-2)/6. Suppose -24*z + 30 = -22*z + 2*s, -48 = -5*z + 4*s. Calculate the greatest common factor of z and f.
12
Let p = -2798 - -3077. Suppose 2*u - 41 = 21. What is the highest common divisor of p and u?
31
Suppose 4*r = -5*x + 3*r + 405, -4*r + 20 = 0. Suppose -11*j - x = -15*j. What is the greatest common factor of j and 160?
20
Let p(a) = -a - 4. Suppose 0 = -2*k - 0*k - 10. Let o be p(k). Let b be (o + 1)*(-198)/(-12). What is the highest common divisor of b and 3?
3
Suppose 10*k = 192 + 148. Calculate the highest common factor of 578 and k.
34
Suppose 4 = 23*h - 53 - 58. Let d = 9 + -6. Calculate the highest common divisor of h and d.
1
Let g = -46 + 94. Let z = 95 - 71. Calculate the highest common divisor of g and z.
24
Suppose 3*g - 28 = -g - 4*y, 4*g - 8 = y. Suppose -g*t = 8*t - 1617. Calculate the greatest common factor of 49 and t.
49
Let w be 2 - (0 + (0 - 1)). Let q = 35 - 32. What is the highest common factor of q and w?
3
Suppose -5*h - y - 45 = 41, 3*h - y = -50. Let p = 26 + h. Suppose 0 = 3*k - 4*k - 5*l + 56, -4*l = k - 52. What is the highest common factor of p and k?
9
Suppose 0 = -57*c - 470 + 45614. What is the highest common factor of c and 297?
99
Suppose -i = -1086 + 778. Suppose -5*h - 84 = -8*h. What is the highest common divisor of h and i?
28
Suppose 6*v = -181 + 2335. Suppose x - v - 1 = -l, 4*l - 3*x - 1412 = 0. Let t = l + -114. Calculate the highest common factor of t and 22.
22
Let g = -1427 - -1469. Calculate the greatest common divisor of g and 3738.
42
Suppose -3*w + 3*x - 402 + 1596 = 0, 5*x + 15 = 0. Calculate the highest common factor of w and 158.
79
Let g = 58 - 47. Suppose -2*j - 4*f = -80, -g - 9 = -5*f. Let y(o) = -3*o**3 + o**2 + o + 1. Let c be y(-1). What is the greatest common divisor of j and c?
4
Let w be 40/6*(-3 + 0). Let u = 42 + w. What is the greatest common factor of u and 176?
22
Let k(r) = 2*r**3 - 15*r + 42. Let v be k(4). Suppose 0 = -q - 0*q - 26. Let l = -16 - q. What is the highest common divisor of l and v?
10
Let f(g) be the first derivative of 7*g**2/2 - 30*g - 13. Let s be f(5). What is the highest common divisor of s and 2?
1
Let g be (2/8)/((-3)/(-276)). Let x = g - 34. Let b = x + 44. What is the greatest common factor of 22 and b?
11
Suppose 3*s - 2*s - 1 = 3*u, -u - 5*s = -5. Suppose -5*x = -a - u*x + 9, -5*a + x + 165 = 0. Calculate the greatest common divisor of a and 85.
17
Let z(l) = -l**2 - 15*l + 1. Let s be z(-11). What is the highest common divisor of s and 18?
9
Let n = 1243 + -1153. What is the greatest common factor of n and 54?
18
Let h = 989 + -949. Let l be 4/(-14) - 3924/(-14). Calculate the greatest common divisor of h and l.
40
Suppose -2*d = -221 + 53. Suppose -4*w - 2*a = -d, 3*a = -4*w - 0*a + 88. Calculate the highest common factor of w and 171.
19
Suppose 0 = 16*z - 21*z + 3*r + 736, 2*r + 588 = 4*z. What is the greatest common factor of 1825 and z?
73
Let s = 119 + -83. Suppose 4*t - 106 = f, t - 5*f = -2*f + 21. What is the highest common divisor of t and s?
9
Suppose 4*h + 2 = 10. Let i be (3/h)/(24/416). Calculate the highest common divisor of 234 and i.
26
Let y = -221 + 440. Suppose -681 + y = -7*j. What is the highest common divisor of 6 and j?
6
Let t be 13 + 0/1 + 2. Let q be (-18)/(3 - 2)*6/(-4). Suppose -q = -5*f + 4*x, -f - x + 3 = f. Calculate the greatest common divisor of f and t.
3
Suppose 34*a = 45*a - 77. What is the greatest common factor of 112 and a?
7
Let b be (-4)/(22/(-10) + 2). Suppose b = 4*q + q. Suppose -70 = -5*g - q*v, -26 = -4*g + 4*v - 6. Calculate the highest common factor of g and 10.
10
Suppose 0 = 3*c - 2*c. Let x be 9 - 10 - (c + -6). Suppose x*k - 107 = -7. What is the greatest common factor of 50 and k?
10
Suppose 0 = -3*m - 2*n + 133, 3*m + 0*m - 140 = 5*n. Let j be -1*(-4)/(-8)*-10. What is the greatest common factor of m and j?
5
Let t be (-345)/(((-6)/(3 - 0))/2). Calculate the highest common factor of t and 15.
15
Let c be -229 - 4/((-12)/3). Let p = -120 - c. Calculate the greatest common factor of 12 and p.
12
Suppose 242*a - 672 = 214*a. Calculate the greatest common divisor of 16 and a.
8
Let s(o) = -o + 15. Let z be s(5). Let n = 26 + -25. What is the greatest common divisor of z and n?
1
Suppose -3*j + 118 - 13 = 0. Suppose 0 = 2*l - 5*g - j, -1 + 3 = -2*g. Calculate the greatest common divisor of l and 15.
15
Suppose 584*n = 580*n + 684. Calculate the highest common factor of 133 and n.
19
Let a be -5 + -12*9/((-162)/552). What is the highest common factor of 33 and a?
33
Let k be (10/(-40))/(3/(-564)). What is the highest common divisor of k and 47?
47
Suppose 5*s + 4 = 6*s. Let u(o) = 3*o - 8. Let n be u(s). Suppose 3*x = -4*c + 20, 0 = -c + 2*x - 2 - n. Calculate the greatest common divisor of c and 16.
2
Let k(o) = 101*o + 351. Let c be k(-3). What is the highest common divisor of c and 184?
8
Let x(z) = z**3 - 10*z**2 + 30*z - 8. Let p be x(14). Calculate the greatest common divisor of 92 and p.
92
Let m = 45 - 32. Suppose 0 = 35*b - 36*b + m. Calculate the highest common factor of b and 39.
13
Let u(x) = x + 4. Let b(h) = h**3 + 4*h**2 - 1. Let g be b(-2). Let k be u(g). Let z = 1 + k. Calculate the greatest common divisor of 48 and z.
12
Let c be ((-252)/72 + (-6)/(-2))*-1938. Calculate the highest common divisor of 51 and c.
51
Let a(m) = 11*m**3 + 2*m - 5. Let l be a(2). Calculate the greatest common factor of 145 and l.
29
Suppose 0 = 6*a - 319 - 293. Calculate the greatest common factor of 1173 and a.
51
Let t(c) = -1 + 1 + 16 - 12*c + c**2. Let d be t(11). Let l = -7 + 12. Calculate the greatest common factor of l and d.
5
Let v be 6/(-5)*9/((-108)/330). What is the highest common factor of v and 165?
33
Suppose q = -5 + 50. Calculate the highest common divisor of 25 and q.
5
Suppose 2*y = -0*y - 4*x, -4 = y + 3*x. Suppose 7*v = y*v - 14. Let h = v - 2. Calculate the greatest common factor of 96 and h.
12
Suppose -4*x + 188 + 308 = p, 0 = -3*p. Calculate the highest common divisor of 155 and x.
31
Suppose -8 = 4*p - 228. Let z be (p/(-10) + 5)/((-1)/308). Let d(x) = -4*x + 2. Let t be d(-3). What is the highest common divisor of t and z?
14
Let t be 1 + -29 + 0 - -3. Let v = 45 + t. Suppose -5*c = 4*d - 170, 4*c + d